{"id":348,"date":"2019-12-17T20:59:13","date_gmt":"2019-12-17T20:59:13","guid":{"rendered":"http:\/\/projektx.judo-im-pott.de\/?page_id=348"},"modified":"2022-11-01T07:30:53","modified_gmt":"2022-11-01T07:30:53","slug":"nunc-est-bibendum","status":"publish","type":"page","link":"https:\/\/chef-igor.com\/?page_id=348","title":{"rendered":"Nunc est bibendum"},"content":{"rendered":"\n<p>F\u00fcr die Hausbar emfehlen wir Ihnen hier einige geeignete Getr\u00e4nke f\u00fcr eine erfolgreiche Zeit in der Welt kulinarischen Genusses. Dabei unterscheiden wir in folgende Preisklassen:<\/p>\n\n\n\n<p>Preisklassen: <\/p>\n\n\n\n<ol><li>So unversch\u00e4mt teuer, dass es fast schon wieder wert ist, gekostet zu werden<\/li><li>Ziemlich teuer, aber zu besonderen Anl\u00e4ssen in Ordnung<\/li><li>Teuer, jedoch erschwinglich<\/li><li>Angenehm mittleres Preissegment<\/li><li>G\u00fcnstig<\/li><li>Billig. <\/li><\/ol>\n\n\n\n<h2 class=\"wp-block-heading\">Weine<\/h2>\n\n\n\n<p>Hier sind bewusst keine einzelnen Weing\u00fcter aufgef\u00fchrt, um Ihnen die M\u00f6glichkeit zu bieten, sich selbst auszuprobieren. Daher sind die Bemerkungen zu den Rebsorten auch sehr allgemein gehalten. Wenn Sie nach Anregungen suchen, so k\u00f6nnen Sie in unseren Weinexpertisen schm\u00f6kern oder uns kontaktieren.  <\/p>\n\n\n\n<figure class=\"wp-block-table\"><table><tbody><tr><td>\n  <strong>Weine (wei\u00df):<\/strong>\n  <\/td><td>\n  &nbsp;\n  <\/td><td>\n  &nbsp;\n  <\/td><\/tr><tr><td>\n  Grauburgunder\n  <\/td><td>\n  5-1\n  <\/td><td>Gold-   bis apfelgelbe Farbe. S\u00e4urearm und als trockener Wein ein guter Begleiter zu   Fisch, hellem Fleisch oder als Aperitif. Exzellent zu italinieschen Antipasti. Es wird empfohlen ein Exemplar zum Kochen vorzuhalten.    <\/td><\/tr><tr><td>\n  Wei\u00dfburgunder\n  <\/td><td>\n  5-1\n  <\/td><td>\u00c4hnlich dem Chardonnay. Wird v.a. in Baden und Rheinhessen angebaut. Gehaltvoller Geschmack mit an Apfel erinnernder S\u00e4ure, wobei sein Gesamteindruck eher neutral ist. Daher ist er ebenfalls ein guter Essensbegleiter. Auch hier wird  empfohlen ein Exemplar zum Kochen vorzuhalten. Zu Fisch und hellem Fleisch.   <\/td><\/tr><tr><td>\n  Scheurebe\n  <\/td><td>\n  5-1\n  <\/td><td>Weine  dieser Rebe sind sehr charakterreich und aromatisch mit sehr angenehmen aber kr\u00e4ftigen Bouquets. Gute Scheureben machen viel Spa\u00df. Zu K\u00fcrbis oder Pasteten zu empfehlen.     <\/td><\/tr><tr><td>\n  Muskateller\n  <\/td><td>\n  5-1\n  <\/td><td>Gelber Wein mit kr\u00e4ftigem und charakteristischem, w\u00fcrzigen Bouquet mit feiner  Fruchtnote. Oftmals sind Rosenbl\u00e4tter, Flieder und Zitrusfr\u00fcchte in der Nase wahrzunehmen. Passend zu Gerichten mit Muskatnuss und Ingwer.     <\/td><\/tr><tr><td>\n  Silvaner\n  <\/td><td>\n  5-1\n  <\/td><td>Diese  Rebe liefert harmonischer Weine mir feiner S\u00e4ure und blumiger Nase. Gerade im  Sommer ein echter Genuss f\u00fcr Terrasse und bei leckerem Karottengem\u00fcse mit hellem Fleisch.    <\/td><\/tr><tr><td>\n  Gew\u00fcrztraminer\n  <\/td><td>\n  5-1\n  <\/td><td>Eine  in Baden und Rheinhessen angebaute Rebsorte. Gereicht werden sollte er aufgrund seiner feudalen Opulenz v.a zu \u00e4hnlich opulentem Essen, wie Lamm, G\u00e4nseleberpastete sowie kr\u00e4ftigem Gem\u00fcse oder  in der Mitte eines gesellschaftlich gelungenen Abends. &nbsp;&nbsp;   <\/td><\/tr><tr><td>\n  Riesling\n  <\/td><td>\n  5-1\n  <\/td><td>   V.a.   in Deutschland verbreitete Rebsorte mit blassgelber Farbe. Lebendig und  frisch im Geschmack. Ein Malus mag der S\u00e4uregehalt von jungen Rieslingen  sein. Der Riesling ist ein echter deutscher Allrounder und kann zu Fisch sowie salzigem K\u00e4se aller Art gereicht werden. An lauen Sommerabenden ein echter Gewinn. Typisch sind Bouquets nach Apfel und Zitrusfr\u00fcchten.<\/td><\/tr><tr><td>   Blanc  de Noir   <\/td><td>\n  5-1\n  <\/td><td> Wei\u00dfgekelterter  Wein aus schwarzen Trauben (z.B. Sp\u00e4tburgunder). Der Blanc de Noir ist das, was man als \u201eweder  Fisch noch Fleisch\u201c bezeichnen w\u00fcrde. Das Geschmackserlebnis ist trotzdem  hochinteressant.&nbsp; Als Terrassenwein oder zu Gefl\u00fcgel eignet er sich hervorragend.    <\/td><\/tr><tr><td>\n  Chardonnay\n  <\/td><td>\n  5-1\n  <\/td><td>Ausschlie\u00dflich  trockener Wein mit breitgef\u00e4cherten Geschmacksnuancen (oft an Butter erinnernd). Aufgrund gro\u00dfz\u00fcgiger Lagerung im Holz auch mal mit reichlich  Vanille. Goldene Farbe. Bouquet oft zitrusartig. Einige Chardonnays eignen sich aufgrund ihrer pr\u00e4chtigen Holznote nur zu opulentem Mahl. Passend z.B. zu Steaks und Wurzelgem\u00fcse.   <\/td><\/tr><tr><td>   Sauvignon  blanc   <\/td><td>\n  5-1\n  <\/td><td>Verbreitete Rebsorte mit feinem Bouquet nach schwarzen Johannisbeeren, Stachelbeere oder Grapefruit. \u00c4hnlich der Scheurebe. Kann z.B. zu kr\u00e4ftigem K\u00e4se gereicht werden.<\/td><\/tr><tr><td>\n  <strong>Weine (rot)<\/strong>\n  <\/td><td>\n  &nbsp;\n  <\/td><td>\n  &nbsp;\n  <\/td><\/tr><tr><td>\n  Chianti\n  Classico\n  <\/td><td>\n  5-1\n  <\/td><td> Traditionsreicher  Wein aus der Toskana mit gesch\u00fctzter Herkunftsbezeichnung. Rubinroter, mit intensiv-blumigen   und charakteristischem Bouquet; trocken, frisch, mit leichter Tannine. Kann  gereicht werden zu gehaltvollem Mahl wie zu leichter Kost. Ein guter Begleiter zu K\u00e4se, Lamm und Rind.   <\/td><\/tr><tr><td>\n  Chianti\n  Riserva\n  <\/td><td>\n  5-1\n  <\/td><td>   Traditionsreicher  Wein aus der Toskana mit gesch\u00fctzter Herkunftsbezeichnung.&nbsp; Rubin- bis granatrot, fruchtiges und anhaltendes Bukett; trocken und fruchtig im Geschmack. Kann gereicht werden zu gehaltvollem Mahl wie zu leichter Kost. Ein guter Begleiter zu K\u00e4se, Lamm und Rind.   <\/td><\/tr><tr><td>Cabernet   Sauvignon   <\/td><td>\n  5-1\n  <\/td><td>Diese  franz\u00f6sische Rebsorte zeichnet sich durch ihre tiefrote Farbe, kr\u00e4ftigen   Fruchtgeschmack mit leichten Tanninen und leichter S\u00e4ure aus. Je nach Lagerung Eichengeschmack.   Charakteristisch ist der tanninige Abgang nach Kaffee, Lakritz oder Tabak. Schmeckt z.B. gut zu und in Wild- sowie Schmorgerichten.<\/td><\/tr><tr><td>\n  Sp\u00e4tburgunder\n  <\/td><td>\n  5-1\n  <\/td><td> Verbreitete Rebsorte, breite Farbpalette von tiefrot bis recht hell. Samtig und vollmundig im Geschmack,   ansonsten sehr vielschichtig. Oft erdig, w\u00fcrzig, gerne auch mal mit deutlicher Frucht im Vordergrund.  Neben einem Exemplar zum gem\u00fctlichen Trinken,   wird auch eines zum Kochen empfohlen. Kann z.B. gereicht werden zu rotem Fleisch, Pilzen und Wurzelgem\u00fcse.    <\/td><\/tr><\/tbody><\/table><\/figure>\n\n\n\n<h2 class=\"wp-block-heading\">Whisky<\/h2>\n\n\n\n<p>Unsere Favoriten, was den Whisky angeht. <\/p>\n\n\n\n<figure class=\"wp-block-table\"><table><tbody><tr><td>Macallan  Double Cask &#8211; 12   Jahre<\/td><td>   2   <\/td><td>\u00c4u\u00dferst   schmackhafter Single Malt Scotch mit leichtem Rauch, rund und stark im   Geschmack.  Mit angenehmer S\u00fc\u00dfe von Honig und Karamell. <\/td><\/tr><tr><td>Talisker   Skye (12 Jahre)   <\/td><td>\n  5\n  <\/td><td>Preis-Leistungs-Kracher   \u2013 wenn man das so sagen darf. Ein Single Malt mit fruchtigem Aroma und  leichtem Rauch. Ein absolut guter Whiskey, der momentan nicht einmal die   H\u00e4lfte eines gleichalten Macallan kostet.    <\/td><\/tr><tr><td> Ardbeg   TEN<br>(10 Jahre)<\/td><td>   4 <\/td><td>Wer   sich schon mal gefragt hat, wie ein norwegischer Waldbrand schmeckt \u2013 und das   ist durchaus positiv gemeint &#8211; , der sollte diesen Single Malt nicht  verpassen. Der intensive Rauch erg\u00e4nzt sich mit sanften Tabaknoten und  Vanille sowie Karamell.    <\/td><\/tr><tr><td>Glenfiddich 12<\/td><td>5<\/td><td>Ein \u00e4u\u00dferst sanfter 12-j\u00e4hriger Single Malt mit bemerkenswerter Nase aus Birnen, Pfirsich und Karamell. Fruchtig und leicht im Geschmack. Das glatte Gegenteil zum schweren Ardbeg TEN. <\/td><\/tr><\/tbody><\/table><\/figure>\n\n\n\n<h2 class=\"wp-block-heading\">Biere<\/h2>\n\n\n\n<p><em>&#8222;Die einen trinken Bier, die anderen was sie daf\u00fcr halten&#8220;<\/em> &#8211; Volker Pispers.<\/p>\n\n\n\n<p>Am Besten schmecken Biere nat\u00fcrlich vom Fass. <\/p>\n\n\n\n<figure class=\"wp-block-table\"><table><tbody><tr><td>Pils (Brinkhoffs, Kronen)   <\/td><td>\n  6\n  <\/td><td>Pils ist <em>das<\/em> Bier im Ruhrgebiet. Brinkhoffs und Kronen sind jedoch nicht nur aus lokalpatriotischen Gr\u00fcnden ein Genuss.   <\/td><\/tr><tr><td> Pilsener   Urquell   <\/td><td>\n  6\n  <\/td><td>Das tschechische Original gl\u00e4nzt vor allem durch seine unvergleichliche Herbe. F\u00fcr einen ruhigen Abend nach einem anstregenden Arbeitstag genau das Richtige.   <\/td><\/tr><tr><td>Guinness   <\/td><td>\n  6\n  <\/td><td>Traditionsreiches  Dunkelbier (Stout) aus Irland. Heute kommt die Herstellung ohne die   Verwendung von Hausenblasen aus.   <\/td><\/tr><tr><td>Dunkles,   etwa K\u00f6stritzer oder Grimbergen Dubbel   <\/td><td>\n  6\n  <\/td><td>K\u00f6stritzer   ist ein dunkles, malziges Bier. Grimbergen ist ein belgisches Abteibier mit 6,5   (Dubbel) bzw. 10 (Optimo Bruno) vol%. Alk. Vollmundig und leicht malzig im Geschmack.    <\/td><\/tr><\/tbody><\/table><\/figure>\n\n\n\n<p><\/p>\n<div class=\"shariff shariff-align-flex-start shariff-widget-align-flex-start\"><ul class=\"shariff-buttons theme-white orientation-horizontal buttonsize-medium\"><li class=\"shariff-button facebook shariff-nocustomcolor\" style=\"background-color:#4273c8\"><a href=\"https:\/\/www.facebook.com\/sharer\/sharer.php?u=https%3A%2F%2Fchef-igor.com%2F%3Fpage_id%3D348\" title=\"Bei Facebook teilen\" aria-label=\"Bei Facebook teilen\" role=\"button\" rel=\"nofollow\" class=\"shariff-link\" style=\"; background-color:#3b5998; color:#3b5998\" target=\"_blank\"><span class=\"shariff-icon\" style=\"fill:#3b5998\"><svg width=\"32px\" height=\"20px\" xmlns=\"http:\/\/www.w3.org\/2000\/svg\" viewBox=\"0 0 18 32\"><path fill=\"#3b5998\" d=\"M17.1 0.2v4.7h-2.8q-1.5 0-2.1 0.6t-0.5 1.9v3.4h5.2l-0.7 5.3h-4.5v13.6h-5.5v-13.6h-4.5v-5.3h4.5v-3.9q0-3.3 1.9-5.2t5-1.8q2.6 0 4.1 0.2z\"\/><\/svg><\/span><span class=\"shariff-text\" style=\"color:#3b5998\">teilen<\/span>&nbsp;<\/a><\/li><li class=\"shariff-button twitter shariff-nocustomcolor\" style=\"background-color:#595959\"><a href=\"https:\/\/twitter.com\/share?url=https%3A%2F%2Fchef-igor.com%2F%3Fpage_id%3D348&text=Nunc%20est%20bibendum\" title=\"Bei X teilen\" aria-label=\"Bei X teilen\" role=\"button\" rel=\"noopener nofollow\" class=\"shariff-link\" style=\"; background-color:#000; color:#000\" target=\"_blank\"><span class=\"shariff-icon\" style=\"fill:#000\"><svg width=\"32px\" height=\"20px\" xmlns=\"http:\/\/www.w3.org\/2000\/svg\" viewBox=\"0 0 24 24\"><path fill=\"#000\" d=\"M14.258 10.152L23.176 0h-2.113l-7.747 8.813L7.133 0H0l9.352 13.328L0 23.973h2.113l8.176-9.309 6.531 9.309h7.133zm-2.895 3.293l-.949-1.328L2.875 1.56h3.246l6.086 8.523.945 1.328 7.91 11.078h-3.246zm0 0\"\/><\/svg><\/span><span class=\"shariff-text\" style=\"color:#000\">teilen<\/span>&nbsp;<\/a><\/li><li class=\"shariff-button whatsapp shariff-nocustomcolor\" style=\"background-color:#5cbe4a\"><a href=\"https:\/\/api.whatsapp.com\/send?text=https%3A%2F%2Fchef-igor.com%2F%3Fpage_id%3D348%20Nunc%20est%20bibendum\" title=\"Bei Whatsapp teilen\" aria-label=\"Bei Whatsapp teilen\" role=\"button\" rel=\"noopener nofollow\" class=\"shariff-link\" style=\"; background-color:#34af23; color:#34af23\" target=\"_blank\"><span class=\"shariff-icon\" style=\"fill:#34af23\"><svg width=\"32px\" height=\"20px\" xmlns=\"http:\/\/www.w3.org\/2000\/svg\" viewBox=\"0 0 32 32\"><path fill=\"#34af23\" d=\"M17.6 17.4q0.2 0 1.7 0.8t1.6 0.9q0 0.1 0 0.3 0 0.6-0.3 1.4-0.3 0.7-1.3 1.2t-1.8 0.5q-1 0-3.4-1.1-1.7-0.8-3-2.1t-2.6-3.3q-1.3-1.9-1.3-3.5v-0.1q0.1-1.6 1.3-2.8 0.4-0.4 0.9-0.4 0.1 0 0.3 0t0.3 0q0.3 0 0.5 0.1t0.3 0.5q0.1 0.4 0.6 1.6t0.4 1.3q0 0.4-0.6 1t-0.6 0.8q0 0.1 0.1 0.3 0.6 1.3 1.8 2.4 1 0.9 2.7 1.8 0.2 0.1 0.4 0.1 0.3 0 1-0.9t0.9-0.9zM14 26.9q2.3 0 4.3-0.9t3.6-2.4 2.4-3.6 0.9-4.3-0.9-4.3-2.4-3.6-3.6-2.4-4.3-0.9-4.3 0.9-3.6 2.4-2.4 3.6-0.9 4.3q0 3.6 2.1 6.6l-1.4 4.2 4.3-1.4q2.8 1.9 6.2 1.9zM14 2.2q2.7 0 5.2 1.1t4.3 2.9 2.9 4.3 1.1 5.2-1.1 5.2-2.9 4.3-4.3 2.9-5.2 1.1q-3.5 0-6.5-1.7l-7.4 2.4 2.4-7.2q-1.9-3.2-1.9-6.9 0-2.7 1.1-5.2t2.9-4.3 4.3-2.9 5.2-1.1z\"\/><\/svg><\/span><span class=\"shariff-text\" style=\"color:#34af23\">teilen<\/span>&nbsp;<\/a><\/li><li class=\"shariff-button reddit shariff-nocustomcolor\" style=\"background-color:#ff5700\"><a href=\"https:\/\/www.reddit.com\/submit?url=https%3A%2F%2Fchef-igor.com%2F%3Fpage_id%3D348\" title=\"Bei Reddit teilen\" aria-label=\"Bei Reddit teilen\" role=\"button\" rel=\"noopener nofollow\" class=\"shariff-link\" style=\"; background-color:#ff4500; color:#ff4500\" target=\"_blank\"><span class=\"shariff-icon\" style=\"fill:#ff4500\"><svg xmlns=\"http:\/\/www.w3.org\/2000\/svg\" viewBox=\"0 0 512 512\"><path fill=\"#ff4500\" d=\"M440.3 203.5c-15 0-28.2 6.2-37.9 15.9-35.7-24.7-83.8-40.6-137.1-42.3L293 52.3l88.2 19.8c0 21.6 17.6 39.2 39.2 39.2 22 0 39.7-18.1 39.7-39.7s-17.6-39.7-39.7-39.7c-15.4 0-28.7 9.3-35.3 22l-97.4-21.6c-4.9-1.3-9.7 2.2-11 7.1L246.3 177c-52.9 2.2-100.5 18.1-136.3 42.8-9.7-10.1-23.4-16.3-38.4-16.3-55.6 0-73.8 74.6-22.9 100.1-1.8 7.9-2.6 16.3-2.6 24.7 0 83.8 94.4 151.7 210.3 151.7 116.4 0 210.8-67.9 210.8-151.7 0-8.4-.9-17.2-3.1-25.1 49.9-25.6 31.5-99.7-23.8-99.7zM129.4 308.9c0-22 17.6-39.7 39.7-39.7 21.6 0 39.2 17.6 39.2 39.7 0 21.6-17.6 39.2-39.2 39.2-22 .1-39.7-17.6-39.7-39.2zm214.3 93.5c-36.4 36.4-139.1 36.4-175.5 0-4-3.5-4-9.7 0-13.7 3.5-3.5 9.7-3.5 13.2 0 27.8 28.5 120 29 149 0 3.5-3.5 9.7-3.5 13.2 0 4.1 4 4.1 10.2.1 13.7zm-.8-54.2c-21.6 0-39.2-17.6-39.2-39.2 0-22 17.6-39.7 39.2-39.7 22 0 39.7 17.6 39.7 39.7-.1 21.5-17.7 39.2-39.7 39.2z\"\/><\/svg><\/span><span class=\"shariff-text\" style=\"color:#ff4500\">teilen<\/span>&nbsp;<\/a><\/li><li class=\"shariff-button rss shariff-nocustomcolor\" style=\"background-color:#ff8c00\"><a href=\"https:\/\/chef-igor.com\/?feed=rss\" title=\"RSS-feed\" aria-label=\"RSS-feed\" role=\"button\" class=\"shariff-link\" style=\"; background-color:#fe9312; color:#fe9312\" target=\"_blank\"><span class=\"shariff-icon\" style=\"fill:#fe9312\"><svg width=\"32px\" height=\"20px\" xmlns=\"http:\/\/www.w3.org\/2000\/svg\" viewBox=\"0 0 32 32\"><path fill=\"#fe9312\" d=\"M4.3 23.5c-2.3 0-4.3 1.9-4.3 4.3 0 2.3 1.9 4.2 4.3 4.2 2.4 0 4.3-1.9 4.3-4.2 0-2.3-1.9-4.3-4.3-4.3zM0 10.9v6.1c4 0 7.7 1.6 10.6 4.4 2.8 2.8 4.4 6.6 4.4 10.6h6.2c0-11.7-9.5-21.1-21.1-21.1zM0 0v6.1c14.2 0 25.8 11.6 25.8 25.9h6.2c0-17.6-14.4-32-32-32z\"\/><\/svg><\/span><span class=\"shariff-text\" style=\"color:#fe9312\">RSS-feed<\/span>&nbsp;<\/a><\/li><\/ul><\/div>","protected":false},"excerpt":{"rendered":"<p>F\u00fcr die Hausbar emfehlen wir Ihnen hier einige geeignete Getr\u00e4nke f\u00fcr eine erfolgreiche Zeit in der Welt kulinarischen Genusses. Dabei unterscheiden wir [&hellip;]<\/p>\n","protected":false},"author":1,"featured_media":0,"parent":0,"menu_order":0,"comment_status":"closed","ping_status":"closed","template":"","meta":{"footnotes":""},"_links":{"self":[{"href":"https:\/\/chef-igor.com\/index.php?rest_route=\/wp\/v2\/pages\/348"}],"collection":[{"href":"https:\/\/chef-igor.com\/index.php?rest_route=\/wp\/v2\/pages"}],"about":[{"href":"https:\/\/chef-igor.com\/index.php?rest_route=\/wp\/v2\/types\/page"}],"author":[{"embeddable":true,"href":"https:\/\/chef-igor.com\/index.php?rest_route=\/wp\/v2\/users\/1"}],"replies":[{"embeddable":true,"href":"https:\/\/chef-igor.com\/index.php?rest_route=%2Fwp%2Fv2%2Fcomments&post=348"}],"version-history":[{"count":16,"href":"https:\/\/chef-igor.com\/index.php?rest_route=\/wp\/v2\/pages\/348\/revisions"}],"predecessor-version":[{"id":1239,"href":"https:\/\/chef-igor.com\/index.php?rest_route=\/wp\/v2\/pages\/348\/revisions\/1239"}],"wp:attachment":[{"href":"https:\/\/chef-igor.com\/index.php?rest_route=%2Fwp%2Fv2%2Fmedia&parent=348"}],"curies":[{"name":"wp","href":"https:\/\/api.w.org\/{rel}","templated":true}]}}